t**2 - 3*t + 2. Let v(m) = -m**2 + 12*m - 21. Let d be v(9). Give r(d).
-16
Let d(z) = z**2 + 5*z + 6. Suppose 2*i + 6*u - 5 = u, -2*i - 2*u - 4 = 0. What is d(i)?
6
Let h(t) = 3*t + 4. Suppose 0 = -2*f + 3*y + 6, -2*y + 3*y + 4 = 0. Give h(f).
-5
Let c(d) = d + 3. Let p(l) = l + 2. Let m(w) = -2*c(w) + 3*p(w). Let a be 2 - (-2)/(4 + -2). Let t be (-62)/12 - a/(-18). Calculate m(t).
-5
Let c(l) = -2*l**3 + 3*l + 2. Suppose 19 = -2*u - 5*f, 0 = -u + 2*u - 2*f - 4. Determine c(u).
12
Let i(b) be the first derivative of -b**4/4 + b**3 - b**2/2 + 4*b - 4. Let g = 6 + -5. Let a = g - -2. Determine i(a).
1
Suppose 5*v = -5*g + 35, -4*v = -g + 4*g - 26. Let c(o) = -o + o**g + 5*o - 3*o. What is c(2)?
6
Let a(u) = -6 - u**2 + 3*u - 9*u + 2 + 1. Give a(-5).
2
Let z(w) = -w**2 + 5*w - 3. Suppose 3*q - q = 6. Let l be z(q). Let r(n) = 2*n - 5 + 2 - 4 - n. What is r(l)?
-4
Let p be (4/6)/(2/42). Suppose -5*l + 34 = p. Let t(j) = -l*j + 3*j**3 + 0*j**3 - 3 + 1 - 2*j**3 - 4*j**2. Give t(5).
3
Suppose -2*i - i + 33 = 0. Suppose -5*f + i = -3*p, -2*p - 3*p - 11 = -f. Let c(m) = -9*m. Let y(x) = 4*x. Let k(w) = p*c(w) - 5*y(w). Give k(-2).
4
Let g(f) = 3*f**2 + 0 + 4 - f**2 + 5*f. Let q(i) = -i**2 - i - 3. Let w be q(0). Let u be (1 + 3)*w/4. Give g(u).
7
Let v(y) be the first derivative of -y**4/4 - 2*y**3 + y**2/2 + 8*y - 1. Let q(p) = p - 22. Let g be 8*(4 + (-3 - -1)). Let k be q(g). Determine v(k).
2
Suppose -5*z = 2 - 7. Let c(k) = 2*k**2 + 2*k - 1. Calculate c(z).
3
Let u(p) be the second derivative of p**5/10 + p**4/6 + p**3/3 + p**2 - 3*p. Let r be -6 + 1 - 12/(-4). Calculate u(r).
-10
Suppose -3*v = -a - v + 8, -10 = 5*v. Let w(y) = 4 + y + 7 - a. Let b be 0/(3 + -2 + 1). Give w(b).
7
Let k(o) = 5*o. Let m(s) be the first derivative of s**2/2 - 4*s + 3. Let n be m(5). What is k(n)?
5
Let r(f) = f + 8. Let b = -18 + 11. Give r(b).
1
Let y(x) = 4 - 7 + 5 + x. Determine y(0).
2
Let q(t) = 3*t. Suppose 2*n + 15 = 5*n. Suppose -8 = n*o - 3. Calculate q(o).
-3
Let i(u) = u**3 + 7*u**2 - 1 + 2 - u + 4*u + 1. Give i(-7).
-19
Suppose 0 = -5*o, 2*d + 0*d + 12 = o. Let h(c) = -c**3 - 5*c**2 + 4*c + 3. Determine h(d).
15
Let u(k) be the third derivative of k**5/60 - k**4/4 + 2*k**3/3 - 54*k**2. Give u(5).
-1
Let g = -17 - -28. Let v = g - 8. Suppose o + 4*p = 0, 0 = 2*o - v*p + 11 - 0. Let l(c) = c**2 + 7*c + 6. Calculate l(o).
-6
Let p(o) = 7*o + 2. Let c(n) = -n. Let j be ((-4)/(-6))/(2/(-3)). Let d(f) = j*p(f) - 6*c(f). What is d(0)?
-2
Let l(u) = 5 + 3 - 5 + u - 6. Give l(0).
-3
Suppose -2*v = -5*x - 0*x - 5, -3*v + 2*x = 9. Let d(c) = c**3 + 4*c**2 - 5*c + 1. What is d(v)?
1
Let m(z) = -z**3 + z**2 - 7*z + 5. Let s(w) = -w**3 + 2*w**2 - 8*w + 5. Let r(i) = 7*m(i) - 6*s(i). Calculate r(-4).
-7
Let v = 7 + -2. Let g(y) = y**3 + 6*y**2 + 4*y - 3. Let i be g(-5). Let z(f) = 6 + f - f - i*f. What is z(v)?
-4
Let m be (-4)/(-14) - 80/(-14). Let v(h) = -29*h + m*h**2 - 1 - 9 + 30*h. Let j(r) = -5*r**2 + 9. Let z(q) = -7*j(q) - 6*v(q). Calculate z(-6).
-3
Let v(g) be the second derivative of -g**3 + 4*g. Determine v(1).
-6
Let v(t) = t - 8. Let x be 3 - (4 + -10)/(-2). Calculate v(x).
-8
Let g(v) be the second derivative of v**7/840 - v**6/90 - 7*v**5/120 + 5*v**4/24 + v**3/6 - 3*v. Let y(f) be the second derivative of g(f). Give y(5).
-5
Let y(t) be the first derivative of -t**4/4 + 2*t**3 - 5*t**2/2 - t - 2. Let q be y(4). Let s = q + -16. Let r(n) = n**3 + 6*n**2 + 5*n + 5. Give r(s).
5
Let s(m) = m**3 - 5*m**2 + 3*m - 3. Let r be 1/(-3 - -2) + 3. Determine s(r).
-9
Let t(o) = -3*o + 6. Let g be t(-5). Let i be g/(6 - 3) - -3. Suppose -3*k + 2 = -i. Let w(r) = -r**2 + 2*r + 3. Give w(k).
-5
Let f(c) be the first derivative of c**4/4 + c**3 - 2*c**2 - 4*c + 9. Give f(-4).
-4
Let u(n) be the third derivative of n**5/60 - n**4/24 - n**3/6 + 7*n**2. What is u(0)?
-1
Suppose 5*l = -2*d + 31, 0 = 3*d - 3*l + 2*l - 4. Let q(a) = 6*a - 2*a**3 + 3*a**d - 2*a**2 - 2*a**2 - 2*a**2. Suppose 3 = m - 2. Determine q(m).
5
Let j(n) = -n + 1. Suppose -19 = -3*y - 1. Give j(y).
-5
Let x(v) be the first derivative of -v**3/3 + 7*v**2/2 + 3. Let r be ((-3)/5)/((-2)/10). Suppose -11 = -r*d + 4. What is x(d)?
10
Let q = -38 - -38. Let y(g) be the third derivative of -1/6*g**3 + 1/12*g**4 + 0*g**5 + q + g**2 + 0*g + 1/60*g**6. What is y(1)?
3
Let u(r) = -r**2 + 1. Let y(g) = -5*g**2 + 6. Let z(x) = -11*u(x) + 2*y(x). Suppose -4*p = -s + 8, -s + 3*p + 6 = 2*s. Calculate z(s).
1
Let d be (-2*1)/(10/(-5)). Let l(y) be the second derivative of 5*y**4/12 - y**3/6 + y. Let w be l(d). Let i(m) = -m**2 + 5*m - 2. Give i(w).
2
Let v(p) = 4*p + 2. Suppose -2 + 5 = 3*s. Suppose -3 = -2*f + s. Determine v(f).
10
Let k(s) be the first derivative of s**6/120 + s**5/10 - s**4/12 - 7*s**3/6 + 3*s**2 - 2. Let m(n) be the second derivative of k(n). What is m(-6)?
5
Let w = 7 + -5. Suppose 2*d + 4*n - 4 = -0, w*d + 5*n = 6. Let j(k) = 0*k + 0*k - k**2 - k. What is j(d)?
-2
Let g(q) = 2 - 2 - q**2 + 0*q**2 + 2. Calculate g(3).
-7
Let a(x) = -3*x**2 + 4. Suppose -8 = -v - 6. Let t(k) = -k**3 - 3*k**2 + 5. Let g(u) = v*t(u) - 3*a(u). Give g(2).
-6
Let d(m) = 7*m**2 + 7*m + 14. Let a(y) = -8*y**2 - 7*y - 15. Let w(k) = 6*a(k) + 7*d(k). Let h(s) = 7*s**3 + s**2. Let f be h(-1). What is w(f)?
2
Let d(h) be the first derivative of h**4/4 + 5*h**3/3 + 2*h**2 + h - 17. What is d(-4)?
1
Suppose 3*n + n = -2*v + 8, -5*n + 10 = 3*v. Let j be (-3)/3 + (9 - n). Suppose s = -w - j, 2*w + 3*s = 2 - 16. Let l(q) = -q**2 - 3*q + 1. What is l(w)?
-3
Let s(g) = g - 4. Let y(t) be the second derivative of t**4/12 + 7*t**3/6 - 2*t**2 - t. Let b be y(-8). Calculate s(b).
0
Let j(s) = 7*s**3 - 3*s - 6*s**3 - 3*s - 2*s**2 + 4 + 3*s. Determine j(3).
4
Let q(o) be the first derivative of o**2 + 7*o - 10. Calculate q(-6).
-5
Let v be 6*(3 + (-20)/8). Let d(q) = -3 + 2*q - 3*q**2 + 1 + v. Suppose -a + 1 - 2 = 0. Give d(a).
-4
Let c(t) = t**3 - 2*t**2 - t - 2. Suppose -5*z + 0*z = 20. Let l = 6 + z. Determine c(l).
-4
Let y be -6 + 0 - (0 - 1). Let i(l) = 6*l**2 - 5. Let o(c) be the first derivative of -5*c**3/3 + 4*c - 4. Let m(x) = y*o(x) - 4*i(x). Calculate m(0).
0
Let g(d) = -d + 13. Let u(v) = -12. Let l(f) = 2*g(f) + 3*u(f). What is l(-7)?
4
Let g(r) = 3*r + 53 - 54 + 0*r**2 - r**2 - 11*r. What is g(-8)?
-1
Let f = 0 - 2. Let r be 3 + 2/4*f. Suppose -2*v + 20 = 5*q, 5 = -r*q + 3*v - 6. Let c(o) = o**2 - 2. Calculate c(q).
2
Let i be (-18)/12*(-20)/6. Let r(x) = -x**2 + 5*x + 2. Calculate r(i).
2
Let i(p) = p**3 + 9*p**2 - 9*p + 4. Let x(j) = -j**3 - 8*j**2 + 8*j - 3. Let q(w) = -3*i(w) - 4*x(w). Calculate q(-6).
-6
Suppose -2*d + 28 = 4*h, -h - 1 = 3*d - 3. Let i(g) = g**2 - 7*g - 14. Let m be i(h). Let b(j) = j + 2. Calculate b(m).
-4
Let s be (-2 - (-1 - 1)) + 1. Let z be ((-8)/28)/(s/(-7)). Let m(d) = -4*d**2 - 2*d - d**3 + z*d + 2. What is m(-3)?
-7
Let u(m) = 14*m + 14. Let w(p) = 5*p + 5. Let i(d) = -4*u(d) + 11*w(d). What is i(-2)?
1
Let g(q) = -6*q**2 - 4*q + 2. Let j(z) = 5*z**2 + 4*z - 2. Let w(v) = -6*g(v) - 7*j(v). What is w(5)?
7
Let q(v) = 4*v**2 + 3*v + 3. Let t(k) = 7*k**2 + 7*k + 5. Let o(r) = 5*q(r) - 3*t(r). Determine o(-6).
0
Let h(k) = k**3 + 7*k**2 + 5*k - 6. Let m be h(-6). Suppose m = 4*s - 5 + 17. Let c(b) = -b**2 - 3*b - 1. What is c(s)?
-1
Let p(i) = -i**3 - 5*i**2 - 4*i + 5. Let k be p(-4). Suppose -h = -4*h + 12. Suppose -h*y + k = y. Let r(q) = -q - 1. Give r(y).
-2
Let v be 1*14*(-1)/(-2). Let r = v + -3. Let x(u) = -u + 2. Determine x(r).
-2
Let q be 0/(1 + -3 + -1). Let f(b) = -b**2 + 1. Calculate f(q).
1
Suppose 0*y + 5*y - 10 = 0. Let t(w) = -11 - 4*w + 6*w - 3*w + y*w. Let i be t(7). Let m(o) = -o - 5. Determine m(i).
-1
Let p(r) = 28 - 58 + 29 + 0*r**2 - 2*r**2. Let k(q) = 4*q - 2. Let z be k(2). Let t be 2 + -1*z/2. What is p(t)?
-3
Let x(h) = 2*h + 2. Suppose 0 = 2*j - 38. Let l = 17 - j. Give x(l).
-2
Let a(k) = -2*k**2 - 3*k - 2. Let y(i) = i - 5. Let s be y(2). Determine a(s).
-11
Let r(c) = -c**2 - 8*c + 13. Let o be r(-9). Suppose -o*b - 5*d - 17 = 12, 2*d = -2*b - 12. Let p(g) = -5*g**2 - g. What is p(b)?
-4
Let o(s) = s**3 + 4*s**2 - 7*s - 6. Let x be o(-5). Let l be x/(-22) + 342/66. Let b(t) = 6 + 3*t - t**2 - 9*t + 2*t**2. What is b(l)?
1
Let n be (5 + 1 + -2)*1. Let p(s) =